on divisor of g and d.
8
Let l = -10 + 22. Let g be (-124)/(-7) - (-6)/21. Calculate the greatest common factor of l and g.
6
Let n = 77 - 15. What is the highest common divisor of 93 and n?
31
Let j(h) = -3*h + 28. Let i be j(0). What is the greatest common divisor of 7 and i?
7
Let w be 28 - ((1 + 5)/2 - 0). What is the highest common divisor of w and 225?
25
Suppose x = -2*x. Suppose 4*r = -x*r + 40. Calculate the greatest common divisor of r and 40.
10
Suppose 2*m + 4 = -2*j, -4*m + 6*j + 37 = j. Let v be 0*m/(-6) + 2. Suppose 3*t + v*t = 800. What is the highest common divisor of t and 20?
20
Let d = 1 - 1. Suppose -216 = -p - d*p. Calculate the greatest common factor of p and 27.
27
Let t = 3 - 8. Let w = 7 + t. Calculate the greatest common divisor of w and 4.
2
Suppose -f = 2*x - 12, -4*f + 3 + 5 = 0. Let k(d) = d**2 - 5*d + 1. Let v be k(x). What is the greatest common divisor of v and 2?
1
Suppose -y + 10 = 4*y + 5*j, 3*j - 12 = -4*y. Suppose -3*v = -0 - y, -2*x + 3*v = -34. Calculate the highest common divisor of 50 and x.
10
Suppose -210 - 70 = -5*z. What is the greatest common factor of z and 7?
7
Let g = -5 - -8. Suppose c - g = j, 6*j = 4*j - 6. Let h = c - -2. Calculate the greatest common divisor of 3 and h.
1
Let t = -9 - -25. Suppose -j = -42 + t. Suppose -2*p = -4*p + j. What is the highest common factor of 65 and p?
13
Suppose -4*m = -7*m - 15. Let h = -37 + m. Let n = -18 - h. What is the greatest common factor of n and 12?
12
Let i = 87 + 33. Suppose -48 = -3*b - y, 3*y = 5*b - 8 - 58. What is the greatest common divisor of i and b?
15
Suppose -x = -1 - 5. Let u = x + 58. Suppose 0 = -2*y + 22 - 6. Calculate the greatest common divisor of y and u.
8
Let d(y) = y**2 + 7*y + 6. Let c = 20 - 12. Let o be d(c). Suppose 4*h - 6*h = -o. Calculate the greatest common divisor of h and 7.
7
Let o(w) = w**2 - 4*w + 3. Let p be o(-7). Calculate the highest common divisor of 16 and p.
16
Let h(k) = k**2 + 9*k - 10. Let y be h(8). Calculate the greatest common factor of y and 18.
18
Let d be 42/12*((-108)/(-21))/3. Let b(t) = t**3 - 5*t**2 - t - 6. Let y be b(6). What is the highest common divisor of y and d?
6
Let s(h) = 73*h + 3 - 7 + 3. Let v be s(1). What is the greatest common factor of 9 and v?
9
Let o(f) = -67*f - 7. Let l be o(-4). What is the greatest common factor of 29 and l?
29
Let h(i) = i**3 + 34*i**2 + 32*i + 3. Let t be h(-33). Calculate the greatest common divisor of t and 48.
12
Let d = 45 + -21. What is the greatest common factor of 6 and d?
6
Let d(l) = 3*l - 21. Let w(f) = -f + 10. Let b(x) = 2*d(x) + 5*w(x). Let z be b(0). Let k = 11 - z. Calculate the highest common divisor of k and 9.
3
Let o = 15 - 10. Let j(t) = 2*t - 5. Let m be j(o). Suppose 132 = 3*z - 3*n - 300, -m*z + 716 = -4*n. Calculate the greatest common factor of z and 14.
14
Let k(b) = b**3 - 20*b**2 + 7*b + 28. Let m be k(20). Calculate the greatest common factor of m and 21.
21
Suppose -w = -6*w - 2220. Let j = -309 - w. Let h be ((-5)/2)/(2/(-12)). Calculate the greatest common factor of h and j.
15
Suppose -67 = -3*m + 5. What is the greatest common factor of m and 18?
6
Suppose 5*l = 3*o + 207, l - 219 = o + 2*o. Suppose 5*r + 3*n = -89, 3*r = -4*n + 5 - 54. Let b = r - o. What is the greatest common factor of b and 11?
11
Let j(s) = s**2 + 6*s + 2. Let k be j(-6). Let y = k + 0. Suppose 4*n - 4*d = 10 + 50, 6 = -y*d. What is the greatest common divisor of 12 and n?
12
Let n(u) = 107*u + 7. Let v be n(5). Let x = v - 362. What is the greatest common divisor of x and 20?
20
Suppose -9*x + 2*x = -350. What is the greatest common factor of x and 20?
10
Let j be (2 - (-3 - -6)) + 4 + 149. Calculate the greatest common divisor of 19 and j.
19
Let g(p) = 15*p**3 - 2*p**2 + 2*p - 1. Let b be g(1). Suppose 14*w - 9*w + 11 = 3*v, 2*w + 24 = 4*v. Calculate the highest common divisor of b and v.
7
Suppose -11 = -5*d + 4*d. What is the greatest common factor of d and 77?
11
Suppose 2*h = -0*h + 20. Suppose 9 + 7 = -4*n. Let f be (-6)/n*10/3. What is the highest common divisor of h and f?
5
Let w = 39 + -27. Suppose -2*i = i. Let l be (-1 - i)*1 - -49. What is the highest common factor of l and w?
12
Let m(y) = -5*y**2 + y + 1. Let x be m(-1). Suppose 0 = 5*f - 0*f - 40. Let h = x + f. Calculate the highest common divisor of 18 and h.
3
Suppose -v + 3*v = 144. Suppose -2*c = -3*r + 34, 0 = 3*r - c - 30 + 1. Calculate the highest common factor of r and v.
8
Suppose 2*w + v = w + 43, -3*w + 134 = 2*v. Calculate the highest common factor of w and 192.
48
Suppose 15*i = 20*i - 200. Calculate the highest common factor of 60 and i.
20
Let q = -6 + 16. Suppose 0 = 5*c - 10 - q. Suppose 7*w - 2*w - 3*i = 493, -c*w + 5*i + 397 = 0. Calculate the greatest common divisor of w and 14.
14
Suppose -9*u = -13*u + 20. Let y be (-1)/2 + 14/4. Suppose 3*w - 3 = -a + w, -y*a - u*w = -14. Calculate the highest common divisor of a and 26.
13
Suppose -5*s = -5*r + 45, -s - 29 = -3*r - 0*s. Let z = -36 + 51. Calculate the highest common factor of r and z.
5
Let q be 1*-7*(-1)/1. Suppose -5 = -3*k - 2*k. Let c be (2 - 3 - k) + 79. What is the highest common factor of c and q?
7
Suppose 0 = 5*h - 0*h. Suppose 4*p + p - 40 = h. What is the highest common divisor of 56 and p?
8
Suppose 4*l = 5*w + 2*l - 202, l = 4. Let u = 119 + -14. Calculate the highest common divisor of w and u.
21
Let h be 12/(-8)*(-2)/(-3). Let b = 3 + h. Suppose 4*g + 4*o - 28 = 0, -g - 2*g - 2*o = -17. Calculate the highest common divisor of g and b.
1
Let a = 6 - -9. Let r be (-6)/(-9)*a/2. What is the greatest common factor of 20 and r?
5
Let g be (-2)/8 + (-1)/(-4). Suppose g = -b, -3*d = 2*b - 254 - 16. What is the highest common factor of d and 10?
10
Let f be (0 - 1)*-1 - 1. Suppose -3*o + 31 + 8 = f. What is the highest common factor of 143 and o?
13
Suppose -m = 3*d - 2*m - 64, 0 = 5*d + 2*m - 92. Let r = 0 + d. What is the greatest common divisor of r and 20?
20
Let n = -159 - -223. What is the greatest common divisor of 224 and n?
32
Suppose 3*o = -5*z, 0*z - 3*o = 4*z. Suppose z = -5*y + 4*h + 72 + 8, -10 = -2*h. Calculate the highest common factor of y and 220.
20
Let g = 4 + -1. Suppose -g*p = -p - 48. What is the greatest common factor of p and 240?
24
Let r be -5*(1 + (-84)/20). What is the highest common divisor of r and 16?
16
Let d = -3 + 7. Let v be (290 - 0)*d/10. Suppose -v = -2*c + 60. Calculate the greatest common factor of 8 and c.
8
Suppose 0 = -h - 4*x + 10, h = 3*x + 14 + 10. Calculate the greatest common factor of h and 126.
18
Let f(m) = -2*m**2 + 4*m - 2. Let x be f(2). Let a be 4 - ((x - -6) + -2). Suppose -3 = -a*w + 1. What is the greatest common divisor of w and 2?
2
Let r = 172 - 118. Suppose -a - 2*a = -r. Calculate the highest common factor of 12 and a.
6
Let m = -19 - -51. Calculate the greatest common factor of 8 and m.
8
Let v be ((-128)/3)/(3/(-9)). Suppose 28 - v = -5*y. Suppose 4*f + 11 = 43. Calculate the highest common factor of f and y.
4
Let s(n) be the first derivative of -n**4/4 + 5*n**3/3 - 2*n**2 + 1. Let d be s(3). Calculate the greatest common factor of 3 and d.
3
Let r(i) = -4*i - 7. Let b be r(-7). Suppose -17 = -4*q - 5, -k + q + 60 = 0. Calculate the highest common factor of b and k.
21
Suppose 27 = -2*p - 3*a + 206, p = a + 77. Let f = -52 + p. Let i = 29 - 17. Calculate the highest common divisor of i and f.
6
Suppose 0 = -4*c - 5*y + 28, 3*c = 5*y - 8 - 6. Let s be (c + 0)*-1 - -8. Suppose -5*u = -s - 14. What is the highest common factor of 12 and u?
4
Let y be (-3)/2 + 154/(-4). Let f = 66 + y. What is the greatest common factor of 65 and f?
13
Let o = 138 - 83. Calculate the greatest common divisor of 22 and o.
11
Suppose 0 = 3*c + 2*x - 46, x - 17 = -c - 0*c. Suppose 0 = -k - k - j + 189, 5*j = -3*k + 273. What is the greatest common divisor of k and c?
12
Suppose 0 = 3*z + 5*x - 69 + 9, 3*z = 2*x + 60. Suppose -4*j = -z - 8. Suppose 222 + 86 = 4*y. What is the greatest common divisor of j and y?
7
Let y(g) = -g + 5. Let r be y(0). Suppose r*i - 16 = i. Suppose -2*h + 36 = 3*t, -59 = -4*t - t - 3*h. Calculate the greatest common divisor of i and t.
2
Let o(g) = -g**3 - g - 11. Let a be o(0). Let q be 5/2*(-5 - a). What is the greatest comm